 x be (-4 - -5)/(q/(-2)). Let o(i) = -25*i + 1. Let k be o(x). What is the greatest common factor of k and 39?
13
Let y(i) = 2*i**2 - i + 1. Let k be y(1). Suppose 60 = k*a + 3*a. Calculate the greatest common factor of a and 72.
12
Suppose -5*r + g + 55 = -43, 2*r - 50 = -5*g. Suppose 11*s - 13*s = -20. Calculate the greatest common divisor of s and r.
10
Let z(j) be the first derivative of 11*j**3/3 + 2*j**2 + 2*j + 1. Let q be z(-3). Suppose -11 = -5*t + q. Calculate the greatest common factor of 4 and t.
4
Let a = 18 + -26. Let j(y) = -43*y - 3. Let h be j(a). What is the highest common factor of 31 and h?
31
Let g = -2 - -4. Suppose -y - 13 = 5*i, 3*y - i = -g + 11. Calculate the highest common divisor of 1 and y.
1
Let a(r) = 11*r**2 - r + 2. Let t be a(-3). What is the greatest common factor of 13 and t?
13
Let n(z) = -6*z + 1. Let m be n(-3). Let l(i) = i + 38. Let s be l(0). Calculate the greatest common factor of m and s.
19
Let g(o) = -o**2 - 9*o - 8. Let x be g(-8). Let t = x + 15. Calculate the highest common divisor of t and 150.
15
Let y = 33 - 16. Calculate the greatest common factor of 85 and y.
17
Let f(h) = h**3. Let l be f(-1). Let u = -1 - l. Let w(z) = -z**2 + 18. Let q be w(u). What is the greatest common factor of 3 and q?
3
Let a(p) = p + 14. Let x be a(-13). Let i = 0 - -1. Calculate the greatest common divisor of x and i.
1
Let o = 21 - -14. What is the highest common factor of o and 14?
7
Let p(u) = -3*u + 1. Let x be p(-2). Calculate the highest common divisor of 56 and x.
7
Suppose -4*o + 68 = -12. Let r = o - 0. What is the highest common factor of r and 30?
10
Let j(n) = n + 50. Let z be 10/45 - 4/18. Let f be j(z). Calculate the greatest common factor of 10 and f.
10
Suppose -2*k - 5*m + 86 = -104, -3*k + 264 = -3*m. Calculate the highest common divisor of 36 and k.
18
Let i = 3 - -18. Let w = -2 - -11. Let g = i - w. What is the greatest common divisor of 60 and g?
12
Let i(j) = -j**3 + 12*j**2 - j + 12. Let n be i(12). Let d(s) = -s**3 - s**2 - s + 13. Let z be d(n). Calculate the highest common divisor of 65 and z.
13
Suppose 0 = 4*j - 12, 2*j - 63 + 21 = -3*h. Calculate the highest common divisor of 96 and h.
12
Let h(g) = -g**2 + 8*g + 16. Let t be h(9). What is the greatest common factor of 7 and t?
7
Suppose -2*k + k - 41 = -2*t, 0 = 3*t + 5*k - 29. Calculate the highest common divisor of t and 36.
18
Suppose 7*q = 2*q + 25. Suppose -m = -q*m + 12. What is the greatest common divisor of m and 15?
3
Suppose 0 = -4*u - 3*p + 1773, 4*p - 488 + 35 = -u. Calculate the highest common factor of u and 49.
49
Let r(v) = -4*v + 2. Let p be r(-1). What is the greatest common divisor of p and 6?
6
Let f be ((-5928)/117)/(4/(-6)). Calculate the greatest common factor of 19 and f.
19
Let y be (-12)/18*(-36)/8. Let o = -4 - -6. Calculate the greatest common factor of y and o.
1
Let i = 29 - 11. What is the highest common factor of 12 and i?
6
Let v(n) = n**3 + 4*n**2 + 2*n + 6. Let i be v(-5). Let l = -17 - i. What is the greatest common factor of 36 and l?
12
Let k(u) = 2*u + 1. Let i be k(6). Suppose b + i + 2 = 0. Let y = 24 + b. Calculate the highest common divisor of 18 and y.
9
Let n(b) = b**3 + 8*b**2 - 9*b + 23. Let v be n(-7). What is the highest common divisor of v and 30?
15
Let y(j) be the third derivative of 7*j**4/24 + j**3/6 + j**2. Let d be y(1). Let n = 141 - 101. Calculate the greatest common divisor of n and d.
8
Suppose 2*r - 4*v - 12 = -0*r, 5*r = 2*v + 70. Let m(z) = 4*z**2 + z - 1. Let y be m(1). Calculate the highest common factor of r and y.
4
Let l(a) = -a**2 + 12*a - 18. Let v be l(8). Let h be (-5)/((-5)/98)*1. What is the greatest common divisor of h and v?
14
Suppose a + 4 = 7. Suppose -103 = -a*s + 107. Suppose -f - 4*f + 70 = 0. Calculate the highest common divisor of s and f.
14
Let q be (-590)/(-7) - 2/7. Calculate the highest common factor of 21 and q.
21
Let c(x) = 2*x + 10. Suppose -3*y + 4*y = 6. Let m be c(y). Calculate the highest common factor of 110 and m.
22
Let c be 154/8 - (-3)/(-12). Let o = -12 + c. What is the greatest common factor of 63 and o?
7
Suppose -3*v - v + k = 0, 0 = 4*k. Suppose v = 5*t - 124 + 4. Let r be ((-10)/4 - -2)*-16. What is the greatest common factor of r and t?
8
Let s(p) = -5*p - 5. Let t be s(-3). Calculate the highest common factor of 90 and t.
10
Let x = -4 + 8. Suppose 4*p = -3*k + 34, x*p + 59 = 3*k - 15. Calculate the greatest common divisor of k and 198.
18
Suppose 5*v + 48 + 12 = 5*f, -2*f = v - 27. Suppose -5*g + 49 = 2*d, 0*d + f = 2*g + 3*d. Calculate the highest common divisor of g and 44.
11
Let x = -7 - 6. Let w be x/(-2)*(-1 + 19). Suppose 3*c + r = 17 + 22, 0 = 2*c + 4*r - 26. Calculate the highest common factor of w and c.
13
Suppose 0 = i - 2*i + 4. Suppose 3*t + 35 = h, 0 = i*h - 3*t - 106 + 11. Calculate the greatest common factor of h and 180.
20
Suppose 28 = -b - 0*b. Let a be (-2)/7 - (-20)/b. Let n be (-3)/3*36/a. Calculate the greatest common factor of 4 and n.
4
Let b(r) = r**3 + 16*r**2 - 18*r - 15. Let g be b(-17). What is the highest common factor of g and 1?
1
Let w(r) = -r**3 + 6 + 6*r + 5*r**2 - 2 - 2. Let q be w(6). Suppose 0 = -q*j - j + 72. What is the greatest common divisor of j and 60?
12
Let o(y) = -y**3 - 5*y**2 + 8*y - 5. Let k be o(-6). Let b = k + 38. Suppose b = 2*r - 1. What is the highest common factor of 1 and r?
1
Suppose 10*b - 50 = 5*b. What is the highest common factor of 110 and b?
10
Let w(v) = v**2. Let m be w(4). Let o = 21 + -13. What is the highest common factor of o and m?
8
Let j(o) = 4*o**2 + 4*o + 3. Suppose 0 = -h - 0*h. Suppose -3*k - 9 + h = 0. Let n be j(k). What is the highest common factor of 18 and n?
9
Let i = 49 - 199. Let b be ((-2)/5)/(2/i). Calculate the greatest common factor of b and 60.
30
Suppose 0*z = -z + 2. Let k = z - -16. Let h = k - -3. What is the greatest common factor of 168 and h?
21
Let s be 31/(-11) + 8/(-44). Let y = 7 - s. What is the highest common factor of 15 and y?
5
Let d = 350 - 301. Let j = -1 - -1. Suppose -2*r + 34 = -5*s, 2*s - 27 = -5*r - j*s. Calculate the highest common divisor of r and d.
7
Let i(v) = -v**2 - 4*v + 7. Let c be i(-6). Let j be (4/c)/(5/(-200)). What is the greatest common factor of j and 80?
16
Suppose 5*b = 5*h - 215, 4*b + 124 = 5*h - 88. Calculate the greatest common factor of h and 100.
20
Let c(z) = z**2 - 3*z - 4. Let p be c(5). Suppose p*l + 5*y = 5*l - 12, -4*l - 2*y + 24 = 0. Calculate the greatest common factor of l and 64.
8
Let v(d) = -d + 1. Let y be v(-14). Calculate the greatest common factor of y and 15.
15
Let u(n) = n - 2. Let q be u(-8). Let l = 15 + q. Calculate the highest common divisor of 5 and l.
5
Suppose v - 5*v = -64. Suppose 0 = -4*h + 3*b + 35, -h + 4 = 4*b - 0. Calculate the highest common factor of h and v.
8
Let o = -13 - -16. Suppose r - o*k = 2*r - 31, -3*k = 4*r - 88. Calculate the greatest common factor of 133 and r.
19
Let k(h) = -3*h**3 - 4 + 4*h**3 + 9*h**2 + 7. Let v be k(-9). Suppose v*m = 395 - 59. What is the highest common factor of m and 16?
16
Suppose 0 = 2*r - 5*y - 13, -5*r + r - 3*y + 65 = 0. What is the greatest common divisor of 28 and r?
14
Let y(a) = a + 4. Let v be y(-3). Let q be 3/((-6)/(-8)) - v. Suppose -q*t + 4*d = -74, -t + 0*t - d + 34 = 0. Calculate the highest common divisor of 12 and t.
6
Suppose 10 = 2*f, 5*v + 3 - 403 = -3*f. What is the highest common divisor of v and 33?
11
Let l be (-142)/(-12) + (-5)/(-30). What is the greatest common divisor of l and 84?
12
Let o(t) = -t**3 - 6*t**2 + 6. Let v be o(-5). Let m = -4 - v. What is the greatest common factor of 6 and m?
3
Let h(s) = s. Let v(b) = -b. Let k(l) = h(l) + 4*v(l). Let r be k(-2). Suppose 2*m - 36 - 12 = 0. Calculate the highest common factor of r and m.
6
Suppose -2*m = -3*b, -b = -2*m - 2*b. Suppose s + 13 + 2 = m. Let y be (-837)/s - (-2)/10. What is the greatest common divisor of y and 14?
14
Let i(q) = q**2 - 8. Let l be i(4). What is the greatest common divisor of l and 12?
4
Let b = 23 - 21. What is the highest common divisor of b and 2?
2
Let i be 13 + -4 + -2 - 1. Let u(w) = 2*w - 2. Let z be u(4). What is the highest common divisor of i and z?
6
Suppose 12 = 3*n + 3. Let o(k) = 9*k**2 - k -